71
Let q(n) = n**3 - 9*n**2 + 12. Let w be q(9). Suppose w = 3*u + 3. Suppose u*o - 312 = -2*b, 5*b - 240 - 72 = -3*o. List the prime factors of o.
2, 13
Let b(j) = -j**2 + j - 56. Let d be b(0). List the prime factors of (-15)/9 + 7/(-21) - d.
2, 3
Suppose 5552 + 1574 = -14*b. Let i = 73 - b. List the prime factors of i.
2, 3, 97
Let f = 229 - -275. Suppose -7*t + f = -63. Let n = 47 + t. List the prime factors of n.
2
Suppose 63*f - 647368 = 599769 - 280843. What are the prime factors of f?
2, 7669
Suppose 15 = 2*k + q, q - 6*q + 45 = 4*k. Suppose 3*r + v = 38, -k*v - 26 = -r - 2*r. Let f(z) = -z + 17. What are the prime factors of f(r)?
5
Let f(b) = -b + 1. Let q be f(-18). Suppose q*l = 14*l + 245. What are the prime factors of (13 + -16)/((-3)/l)?
7
Suppose -5*p = h - 20154, -2*h - 100670 = -7*h - 5*p. List the prime factors of h.
20129
Let n = -731 - -753. Let t = 42 - 17. Let g = n + t. List the prime factors of g.
47
Let m = 637 - 682. What are the prime factors of -2*2 - (-1878 - m)?
31, 59
Let d(i) = 3*i - 40. Let l(r) = -4*r + 41. Let x(c) = -7*d(c) - 6*l(c). Let h be x(-6). List the prime factors of (-8)/h*(1 - 1) - -100.
2, 5
Let o(h) = -h**3 + 6*h**2 - 5*h - 5. Let u be o(5). Let b be -1 + (1 - -2) + 1. List the prime factors of (b/15 - (-11)/u) + 222.
2, 5, 11
Let j(z) = -1469*z + 1223. What are the prime factors of j(-3)?
2, 5, 563
Let g be ((0/(6 + -1))/(-3))/2. Suppose g = 8*t + 2319 - 12303. List the prime factors of t.
2, 3, 13
Let y = -5 - -5. Let l be -1 + -1 - 20/(-10). Suppose l = -t - y*t + 41. What are the prime factors of t?
41
Let h(o) = -o**2 + 48*o - 17. Let r be h(29). Suppose -1590 = -3*j + 3*s, -s + 3*s + r = j. What are the prime factors of j?
2, 263
What are the prime factors of 68 + -72 + 3*53*33?
7, 107
Suppose -14 = 2*r, 5*t + 0*r - 76668 = -r. What are the prime factors of t?
5, 3067
Suppose 9*c = 121632 + 59979. List the prime factors of c.
17, 1187
Suppose -5 + 23 = 6*d. Suppose 0 = d*x - 574 - 440. What are the prime factors of x?
2, 13
Suppose 48856 = -5*y + 172006. What are the prime factors of y?
2, 3, 5, 821
Let q(m) = -31*m**3 - 2*m**2 - 3*m - 3. Let d(h) = -45*h**3 - 4*h**2 - 5*h - 4. Let p(y) = -5*d(y) + 7*q(y). List the prime factors of p(5).
7, 167
Suppose 12 = 3*z + 3*u, z - 4*z - 16 = -4*u. Let i(b) = b**3 + b**2 - 9*b + 107. List the prime factors of i(z).
107
Let c be -5*(-5 - (-304)/40). What are the prime factors of ((-112)/3)/((-5551)/(-429) + c)?
2, 7, 11
Let z(u) = -u**3 - 4*u**2 - u - 2. Let h be z(-5). Let q = -22 + h. Let p = 54 - q. List the prime factors of p.
2, 3
Suppose -n - 12*n + 39 = 0. Suppose c - n*q - 402 = 0, -6*q - 1224 = -3*c - 3*q. List the prime factors of c.
3, 137
Suppose 0 = -2*z + 57*r - 66*r + 24635, -24628 = -2*z - 2*r. What are the prime factors of z?
7, 1759
Suppose -27*v + 28*v - 275 = 26*v. Let c(s) = -3*s**3 + 3*s + 4*s**3 + 1 - 37 + 14*s**2. What are the prime factors of c(v)?
2, 3, 7
Suppose 344 = 3*u + 74. Suppose 5*m = 3*c - 0*c - 366, 0 = -3*c + 6. Let y = u + m. What are the prime factors of y?
2, 3
Let d be 4*((-8)/10)/(10/(-25)). Suppose 4*t = -0 + d. Suppose -z = -t*g - 28, 0*z - 3*g = -2*z + 60. What are the prime factors of z?
2, 3
Let l = 1153 - -20268. What are the prime factors of l?
31, 691
Let w(p) = 1273*p**2 - 83*p - 239. What are the prime factors of w(-3)?
11467
Suppose -11 = 5*b - 51. Let o be (3/4 + 2394/b)/1. Suppose -10*n = -13*n + o. What are the prime factors of n?
2, 5
Let o(a) = 3*a**3 - 10*a**2 + 74*a - 42. List the prime factors of o(10).
2, 19, 71
Let p(a) = 4*a**2 + 2*a + 2. Let x be p(-1). Suppose -2*m - 28488 = x*m. List the prime factors of (-15)/(-35) + m/(-28).
2, 5, 17
Suppose 42551 = 7*y - 2*y - 4*p, -42555 = -5*y + 5*p. List the prime factors of y.
47, 181
Let p = -190 + 378. Let z = p + -44. Suppose l - 83 = -w, -4*w + 4*l + z + 156 = 0. What are the prime factors of w?
79
What are the prime factors of 2 + 0 + -1 - -4349?
2, 3, 5, 29
Suppose -w + 115 = 5*m - 2, 0 = 5*m - 5. List the prime factors of w.
2, 7
Suppose -3*x + x = t - 487, 0 = -5*t - 5. Let o = x + -54. List the prime factors of (12/4)/(5/o).
2, 3, 19
Let v(h) = -13*h - 21. Let y(w) = -12*w - 21. Let p(k) = 6*v(k) - 7*y(k). Let d be p(4). Let c = 87 - d. What are the prime factors of c?
2, 3, 7
Let y = 11347 - 3836. What are the prime factors of y?
7, 29, 37
Let h = 1546 + -460. Let i = h - -812. What are the prime factors of i?
2, 13, 73
Let j = -387 - -519. Let p = 916 - j. List the prime factors of p.
2, 7
What are the prime factors of -1035*3*788/(-60)?
3, 23, 197
Let m be (4/3 + -2)/((-3)/27). What are the prime factors of m/9*1 + (-9430)/(-30)?
3, 5, 7
Suppose l - 2*l = 2*j - 7341, 4*l + 3*j = 29344. Suppose 11*i = l + 1764. List the prime factors of i.
827
Suppose -v = j - 9, -4*j = -5*v - 19 - 53. Suppose -f - 17 = -2*q - 4*f, -2*q + 3*f = j. What are the prime factors of (-58)/q*(6 + -7)?
2, 29
Suppose 25977*q - 25997*q + 845240 = 0. What are the prime factors of q?
2, 11, 17, 113
Let v = -96 - -100. What are the prime factors of ((-1)/2)/((-1257)/314 + v)?
157
Suppose 11*b - 12 - 21 = 0. Let y be -1 - (b + (-12)/3 - -67). Let n = y - -150. What are the prime factors of n?
83
Let l = -453 - -447. Let q = 5 - 9. List the prime factors of 1 - l/2 - q.
2
Suppose -3*c - c + i + 16 = 0, 2*i - 7 = -5*c. Suppose -2*n - 2*y = -4*n + 326, 0 = n - c*y - 163. What are the prime factors of n?
163
Let w = -5684 - -26703. What are the prime factors of w?
21019
Let y(d) = -7*d + 49. Let w be y(16). Let m = 72 + w. What are the prime factors of (3 - 9/(-2))*114/m?
5, 19
Let v(f) = f**3 - 3*f**2 - 7*f + 17. Let i be v(4). Let n be 3*2924/60 + (-1)/i. Let m = n - 79. What are the prime factors of m?
67
Suppose 3*o - o + 3*t - 792 = 0, -5*t - 20 = 0. Suppose -4*q + 4*z + 1488 = 0, 3*q + 5*z - o = 2*q. List the prime factors of q.
13, 29
Suppose 1704 = 16*t - 1384. Suppose -5*v + 0*v + 1395 = 0. Let y = v - t. What are the prime factors of y?
2, 43
Suppose -17 - 43 = -10*c. Let h(q) = 64*q - 181. List the prime factors of h(c).
7, 29
Let l(o) = -2*o**3 + 6*o**2 + 14*o + 12. Let h be l(-6). What are the prime factors of 12/(-2) + h/4?
2, 3, 23
Suppose -23 = -5*o - 3. Let a(v) = -6*v**2 + 5*v**3 + 7*v + 16 - 2*v**3 - 18. List the prime factors of a(o).
2, 61
Suppose 25*q + 287866 - 42022 = 43*q. List the prime factors of q.
2, 6829
Suppose 0 = t - 7 + 1. Suppose -t = -2*g, 3*k - 14 = 5*g + 31. Suppose k*i = 18*i + 232. List the prime factors of i.
2, 29
Suppose -2*y - 2*y = -2*x + 12, 2*x + y = 7. Suppose -20 + x = -4*k. Suppose -l - 94 = -2*l - w, -2*w - 376 = -k*l. List the prime factors of l.
2, 47
Suppose -4102 = 15*p - 17*p. Suppose i = 5*h - p, 5*h - 4*i - 2071 = -8*i. List the prime factors of h.
3, 137
Suppose z = 2*j - 70, 0 = -5*j + 2*z + 158 + 19. Suppose -4*p + 112 = o, 0 = 3*o - j*p + 42*p - 336. What are the prime factors of o?
2, 7
Let o = -23 - -25. Let n(r) = -99*r + 1. Let l be n(o). Let c = -135 - l. List the prime factors of c.
2, 31
Let i(g) = g**3 + 3*g**2 - 39*g - 7. Let a = 141 - 148. What are the prime factors of i(a)?
2, 5, 7
Let i = 65 - 46. Suppose -5*n = i - 34. Suppose 258 = n*x - 0*x. List the prime factors of x.
2, 43
Suppose 0 = 49*o - 780435 - 248516. What are the prime factors of o?
11, 23, 83
Let d(i) = i**3 + i**2 - 5*i - 4. Suppose 19 = -k + 16. Let b be d(k). List the prime factors of 20/(-35) + (-515)/b.
73
Let n(t) = 15*t**2 - 4*t + 431. List the prime factors of n(-52).
3, 31, 443
Let j = 232 - 90. Let c = -41 + j. Suppose 4*w - c = 2*w - 3*a, 3*w + 5*a = 150. List the prime factors of w.
5, 11
Suppose -12 = k - 11. Let z be ((-6)/9)/(k - 10/(-15)). Suppose 3*x = -2*x + 4*w + 656, -z*w - 130 = -x. List the prime factors of x.
2, 3, 11
Let l(d) be the third derivative of d**4/4 - d**3/2 - 18*d**2. Let g be l(2). Suppose 2*a - g*a = -490. What are the prime factors of a?
2, 5, 7
Let d be (-2)/(64/112*(-7)/6). Suppose -192 = -3*t - d. What are the prime factors of t?
3, 7
Let w(b) = 2*b + 1. Let a(o) = -10*o + 33. Let h(r) = a(r) + 2*w(r). What are the prime factors of h(-8)?
83
Suppose 2*u + 115 = -t, -5*t - 160 = 3*u - t. Let j = -86 - u. What are the prime factors of (j/1 - 0)*(-36)/24?
3, 13
Suppose 4*x - 8*x + 2180 = 